 = -v - 7. What is x(6)?
-13
Let q(y) = -y**2 + 11*y - 20. Determine q(9).
-2
Let i(m) = -m**3 - 3*m**2 + 35*m + 107. Determine i(-3).
2
Let j(m) = -19*m**2 + m + 1. Calculate j(-1).
-19
Let d(g) = -g**2 + 6*g - 1. What is d(6)?
-1
Let n(s) = s**2 - 4*s - 6. Give n(8).
26
Let x(t) = t**3 - 6*t**2 + 5*t. What is x(1)?
0
Let b(r) = 6*r**3 + 7*r**2 + 10*r + 3. What is b(-2)?
-37
Let m(s) = -s**3 - 8*s**2 + 1. Determine m(-8).
1
Let s(k) = -k**3 - k**2 + k. Calculate s(-2).
2
Let h(r) = -r**3 + 5*r**2 - 2*r - 7. Calculate h(5).
-17
Let k(u) = -2*u**2 - 15*u + 15. Calculate k(-7).
22
Let d(t) = -t**2 - 66*t - 730. What is d(-52)?
-2
Let n(f) = -14*f + 35. Determine n(3).
-7
Let s(m) = 2*m**2 - 5*m + 5. Determine s(2).
3
Let o(r) = -19*r + 42. What is o(11)?
-167
Let k(r) = -9*r - 65. Calculate k(-8).
7
Let n(x) = -x**3 + 16*x**2 + 16*x + 1. What is n(17)?
-16
Let m(z) = -z**3 + 13*z**2 - 36*z + 7. Determine m(8).
39
Let h(l) = l**3 + 15*l**2 + 15*l + 8. Calculate h(-14).
-6
Let x(h) = -3*h - 7. What is x(6)?
-25
Let m(b) = b**3 + 7*b**2 - 10*b - 6. Determine m(-8).
10
Let l(z) = -z**3 + 17*z**2 - 15*z - 17. Give l(16).
-1
Let h(p) = 3*p**2 - 35*p - 209. What is h(16)?
-1
Let c(m) = -m**2 - 2*m + 6. What is c(-5)?
-9
Let z(v) = v**3 + 15*v**2 + 51*v + 189. Calculate z(-12).
9
Let y(t) = -5*t + 5. What is y(2)?
-5
Let z(y) = -9*y - 2. Calculate z(1).
-11
Let g(l) = -l**2 + 4*l + 83. Give g(11).
6
Let a(y) = y - 17. What is a(16)?
-1
Let t(c) = -7*c**2 - 3*c. What is t(-3)?
-54
Let r(q) = -9*q + 317. What is r(35)?
2
Let m(d) = 10*d - 72. What is m(7)?
-2
Let x(b) = -3*b - 14. Determine x(-7).
7
Let q(m) = -m**2 - 8*m - 13. Determine q(-7).
-6
Let u(j) = -7*j**3 - 1. What is u(-1)?
6
Let p(d) = d**3 - 6*d**2 + 7*d - 44. Calculate p(6).
-2
Let k(w) = w**3 + 45. Give k(0).
45
Let b(c) = -33*c + 32. Calculate b(1).
-1
Let m(q) = q**3 - 13*q**2 + 5. Give m(13).
5
Let x(d) = -d**3 + 20*d**2 - 19*d - 30. Calculate x(19).
-30
Let i(h) = 16*h - 115. Determine i(6).
-19
Let r(q) = -28*q - 2. Give r(2).
-58
Let h(u) = -u**3 + 2*u**2 + 3*u - 2. Calculate h(3).
-2
Let y(k) = k**3 + 7*k**2 + 8*k - 4. Give y(-5).
6
Let q(y) = -y**3 + 22*y**2 - 21*y + 1. What is q(21)?
1
Let x(v) = 9*v + 340. Give x(-37).
7
Let d(b) = -6*b - 41. Give d(-8).
7
Let d(k) = -4*k - 4. What is d(-5)?
16
Let g(o) = o - 10. Calculate g(11).
1
Let h(g) = -g**3 + 4*g**2 - 4*g + 3. Determine h(3).
0
Let z(m) = -7*m - 7. Determine z(9).
-70
Let b(g) = -15*g + 301. What is b(20)?
1
Let j(g) = 2*g**2 + 6*g - 11. Determine j(2).
9
Let t(m) = m**3 + 3*m**2 - 3*m + 1. What is t(-5)?
-34
Let t(k) = 3*k**2 - 8*k. Calculate t(5).
35
Let j(n) = 6*n**2 + 279*n + 145. What is j(-46)?
7
Let n(g) = 52*g**2 + g - 1. What is n(-1)?
50
Let l(d) = d**2 - 6*d - 13. What is l(-2)?
3
Let i(u) = 3*u**2 - 46*u + 21. Calculate i(15).
6
Let m(a) = a**3 - 10*a**2 - 7*a - 5. Determine m(8).
-189
Let o(r) = -r**3 - 10*r**2 + 9*r + 10. Determine o(-10).
-80
Let a(u) = u**2 + 9*u - 7. Calculate a(-8).
-15
Let q(g) = 2*g - 3. What is q(8)?
13
Let m(n) = 8*n - 72. Calculate m(0).
-72
Let w(q) = -q**2 - 8*q - 7. Determine w(-13).
-72
Let k(n) = n**3 - 69*n**2 + 200*n - 127. Give k(66).
5
Let l(s) = s**2 + 18*s + 23. Give l(-17).
6
Let y(v) = -v**2 + 3*v + 2. Calculate y(4).
-2
Let x(m) = -m**3 - 22*m**2 + 2*m. What is x(0)?
0
Let d(l) = -2*l**3 + 4*l**2 + 9*l - 7. Calculate d(4).
-35
Let z(x) = x**3 + 4*x**2 + 5*x + 5. What is z(-4)?
-15
Let w(m) = m**3 - 43*m**2 - 38*m - 261. Determine w(44).
3
Let o(s) = 11*s**2 - s + 3. Calculate o(-2).
49
Let r(l) = 108*l**2 + l - 2. Determine r(1).
107
Let l(q) = q**2 - 35*q + 70. Calculate l(2).
4
Let d(r) = -6*r - 4. Determine d(-3).
14
Let n(b) = -b**3 + 11*b**2 - 22*b + 21. Give n(9).
-15
Let m(s) = -9*s - 45. What is m(-4)?
-9
Let b(x) = x**3 + 5*x**2 - 4*x - 19. Give b(-6).
-31
Let t(i) = -i**3 - 5*i**2 + 5*i + 4. Give t(-3).
-29
Let g(w) = 7*w + 7. Determine g(-3).
-14
Let j(i) = -i**3 - 2*i**2 + 2*i + 2. Determine j(2).
-10
Let f(c) = -c**3 - 4*c + 2. Calculate f(1).
-3
Let s(j) = j**3 + 7*j**2 + 7*j + 7. Calculate s(-6).
1
Let t(g) = -g**2 - 12*g - 13. Calculate t(-11).
-2
Let d(u) = -7*u**2 - 11*u - 8. What is d(-2)?
-14
Let k(r) = -r**3 + r**2 - 4*r + 4. Give k(1).
0
Let a(c) = 4*c + 3. Give a(6).
27
Let n(z) = -3*z**2 - 7*z + 8. Calculate n(-4).
-12
Let j(r) = r**3 - 3*r**2 - 4*r - 17. Calculate j(5).
13
Let u(t) = -t**2 + 2*t + 3. What is u(-4)?
-21
Let h(s) = s**3 + 5*s**2 + 6*s + 3. What is h(-3)?
3
Let c(s) = s**3 - 7*s**2 - 5*s - 31. What is c(8)?
-7
Let z(w) = -2*w**2 + 25*w - 24. What is z(10)?
26
Let n(m) = -2*m**2 - 67*m + 36. Determine n(-34).
2
Let k(j) = -j**3 + 3*j**2 + 8*j - 3. Give k(5).
-13
Let y(h) = h**3 - 19*h**2 + h - 31. Give y(19).
-12
Let b(o) = -29*o**2 - 4*o - 1. Calculate b(1).
-34
Let b(o) = 11*o + 7. Calculate b(-1).
-4
Let x(n) = n**3 - 56*n**2 - 59*n + 103. Determine x(57).
-11
Let r(g) = g**3 - 9*g**2 + 13*g. Calculate r(7).
-7
Let f(t) = 10*t - 62. Give f(4).
-22
Let p(v) = 4*v**3 - v + 2. What is p(-2)?
-28
Let z(m) = 3*m + 1. Give z(4).
13
Let g(t) = t**3 - 17*t**2 - 108*t - 40. Determine g(22).
4
Let n(g) = 7*g + 103. Calculate n(-21).
-44
Let l(g) = -g**2 + 12*g - 1. Give l(13).
-14
Let n(h) = h**2 - 31*h + 22. What is n(30)?
-8
Let q(r) = r**2 + 4*r - 27. Calculate q(-8).
5
Let g(j) = 8*j**2 - j - 2. What is g(-2)?
32
Let g(q) = q**3 - 9*q**2 + q - 6. What is g(9)?
3
Let q(r) = 11*r - 65. What is q(6)?
1
Let t(u) = -5*u - 24. What is t(-6)?
6
Let p(l) = 4*l - 15. Give p(7).
13
Let c(h) = -2*h**3 + 98*h**2 + 98*h + 94. What is c(50)?
-6
Let n(x) = x**2 - 20*x - 26. Give n(20).
-26
Let p(f) = 2*f**2 - 21*f - 15. Give p(11).
-4
Let v(k) = 6*k**2 - 5*k + 4. Calculate v(2).
18
Let l(y) = 62*y - 298. What is l(5)?
12
Let g(h) = -2*h**3 + 5*h**2 - 5*h + 7. Determine g(3).
-17
Let o(b) = -b**2 - 23*b + 148. Calculate o(5).
8
Let i(d) = d**2 - d + 43. Calculate i(0).
43
Let w(l) = -l**2 - 12*l + 6. What is w(8)?
-154
Let n(w) = -w - 18. Calculate n(-10).
-8
Let p(i) = 5*i + 156. What is p(-32)?
-4
Let a(r) = r**2 + 15*r - 22. Calculate a(-15).
-22
Let g(j) = -j**2 + 263*j - 262. Give g(1).
0
Let a(j) = -19*j - 1. What is a(-1)?
18
Let f(s) = -9*s - 5. What is f(2)?
-23
Let o(c) = -c**3 - 12*c**2 + 11*c - 1. What is o(-13)?
25
Let k(g) = -g**3 - 11*g**2 + g - 11. What is k(-11)?
-22
Let n(k) = k**2 - k - 8. Calculate n(6).
22
Let n(w) = w**2 + 8*w - 132. Determine n(-16).
-4
Let n(t) = -t**3 + 18*t**2 - 27*t + 139. Give n(17).
-31
Let v(x) = -10*x + 1. Determine v(1).
-9
Let d(s) = -8*s. Calculate d(1).
-8
Let m(f) = -2*f**3 - 2*f**2 - f - 5. What is m(-3)?
34
Let a(x) = -6*x - 33. Determine a(-6).
3
Let k(t) = 2*t**2 + 5*t - 3. What is k(-3)?
0
Let s(n) = -n**3 - 6*n**2 + 9*n - 19. Give s(-8).
37
Let p(n) = n**3 - 2*n**2 + n - 4. What is p(3)?
8
Let y(z) = -z**3 - 17*z**2 - 16*z + 3. What is y(-16)?
3
Let p(w) = w**3 + 5*w**2 + 2*w + 2. Give p(-4).
10
Let f(j) = j**2 + 11*j - 64. Determine f(-16).
16
Let r(i) = 3*i**3 - 3*i**2 - 2*i + 2. Determine r(2).
10
Let j(m) = m**3 - 16*m**2 + 15*m - 3. Calculate j(15).
-3
Let q(s) = -s - 10. Calculate q(13).
-23
Let i(f) = f**3 - 4*f**2 - 4*f + 11. What is i(5)?
16
Let g(i) = -5*i - 89. Give g(-19).
6
Let a(b) = 7*b - 50. Determine a(7).
-1
Let o(j) = 41*j + 309. Calculate o(-8).
-19
Let o(n) = 9*n - 43. Calculate o(7).
20
Let y(t) = t**2 + 10*t + 13. Give y(-7).
-8
Let p(n) = n**2 - 22*n + 30. Give p(21).
9
Let k(v) = -v**3 + v**2 - 6*v - 3. Give k(4).
-75
Let n(y) = y**2 + 25*y + 85. Calculate n(-4).
1
Let u(c) = c**3 - 9*c**2 + 8*c + 2. Determine u(8).
2
Let d(m) = -m - 10. Give d(3).
-13
Let b(s) = -s**2 + 8*s + 9. What is b(10)?
-11
Let q(n) = n - 19. Determine q(-7).
-26
Let g(s) = 4*s + 8. What is g(5)?
28
Let a(y) = -2*y**2 + 5*y + 23. What is a(7)?
-40
Let j(s) = -2*s + 8. Calculate j(8).
-8
Let m(d) = -8*d**2 + 3*d + 4. What is m(-1)?
-7
Let s(t) = 2*t. Determine s(1).
2
Let n(c) = -6*c**2 - 3*c + 4. Determine n(1).
-5
Let r(f) = -9*f - 244. Give r(-27).
-1
Let p(r) = r**3 - 11*r**2 - 11*r - 19. Give p(13).
176
Let x(p) = 3*p**3 - p**2 + 6. Determine x(0).
6
Let f(b) = -5*b**2 - 5*b + 5. Give f(-4).
-55
Let i(f) = -2*f**2 + 37*f - 150. What is i(13)?
-7
Let q(p) = -p**3 + 7*p**2 + p - 7. What